f) = -2*f - 32. Calculate m(-14).
-4
Let c(p) = 5*p - 6. Determine c(-7).
-41
Let v(z) = -5*z**2 - 3*z. What is v(-2)?
-14
Let y(j) = j**2 + 21*j + 42. Give y(-19).
4
Let z(n) = -n - 2. Calculate z(-11).
9
Let m(y) = 2*y**2 - 36*y + 13. Determine m(18).
13
Let m(f) = f**3 + 3*f**2 - 4*f + 4. Calculate m(-4).
4
Let c(j) = -j**2 - 72*j - 327. What is c(-67)?
8
Let s(c) = -2*c - 2. Determine s(9).
-20
Let u(q) = -42*q + 1267. Calculate u(30).
7
Let f(b) = -b**3 + 39*b**2 - 16. Determine f(39).
-16
Let o(b) = b**3 + 8*b**2 + 6*b + 29. Calculate o(-7).
36
Let x(f) = -2*f**3 + 25*f**2 - 64*f - 12. Calculate x(4).
4
Let a(l) = l**2 + 6*l + 11. Determine a(-6).
11
Let a(r) = -r**3 + r - 11. Give a(0).
-11
Let m(n) = -n**3 - n**2 + 3*n + 1. Determine m(-2).
-1
Let f(n) = n**3 + 10*n**2 + 18*n - 8. Give f(-7).
13
Let n(i) = -i**2 + 19*i + 13. What is n(18)?
31
Let i(h) = h**2 + 20*h - 570. Determine i(-36).
6
Let d(v) = v - 7. Calculate d(-6).
-13
Let n(s) = s**2 - 9*s + 1. What is n(9)?
1
Let i(p) = 4*p + 34. Give i(-8).
2
Let s(t) = t - 1. What is s(6)?
5
Let f(i) = -i**3 - 51*i**2 - 53*i - 144. Calculate f(-50).
6
Let g(f) = -f**3 + 4*f**2 + f - 3. Calculate g(1).
1
Let b(j) = j**2 + 6*j. Determine b(-6).
0
Let k(w) = w**3 - 6*w**2 + 11*w - 18. Determine k(5).
12
Let w(k) = -k**2 + 3*k + 6. Give w(-6).
-48
Let b(c) = 13*c + 4. Determine b(3).
43
Let y(k) = -k**3 - 9*k**2 + 12*k + 25. What is y(-10)?
5
Let o(d) = -d**2 + 4. Calculate o(3).
-5
Let u(w) = w**2 - 6*w + 13. Calculate u(4).
5
Let g(q) = -4*q**2 - q - 9. Determine g(3).
-48
Let j(i) = 2*i**2 + 2*i + 26. Calculate j(0).
26
Let z(d) = -8*d**3 - d**2 + 1. Give z(-1).
8
Let o(d) = -2*d**2 + 71*d + 22. Determine o(36).
-14
Let p(d) = -d**2 + 368. Calculate p(19).
7
Let k(v) = v**3 + 3*v**2 - 12. What is k(-3)?
-12
Let q(f) = 2*f + 31. What is q(-18)?
-5
Let t(g) = 2*g - 22. Determine t(0).
-22
Let q(h) = h**3 - 5*h**2 - 5*h - 2. What is q(5)?
-27
Let r(q) = -q - 14. Determine r(-12).
-2
Let s(t) = t**2 + 11*t - 15. What is s(-17)?
87
Let x(r) = r**3 + 13*r**2 + 24*r + 48. What is x(-11)?
26
Let q(b) = -b**2 - 2*b + 43. Calculate q(7).
-20
Let q(y) = -12*y - 243. Give q(-21).
9
Let l(h) = h**3 - 2*h**2 - 10*h - 5. Determine l(5).
20
Let q(z) = -z**2 - 4*z + 12. Calculate q(-6).
0
Let i(z) = -z**2 + 9. Determine i(-6).
-27
Let i(z) = z**2 + 10*z + 2. Determine i(-10).
2
Let d(q) = 2*q**3 + 2*q**2 - 4*q - 5. Give d(-2).
-5
Let a(t) = -2*t**2 + 7*t + 2. What is a(7)?
-47
Let q(c) = -c**3 - 5*c**2 - 3*c - 4. Determine q(-3).
-13
Let b(a) = 2*a**2 - 31*a + 47. What is b(14)?
5
Let w(k) = k**3 + 7*k**2 - 6*k - 8. Give w(-7).
34
Let y(x) = 6*x**2 + 39*x + 12. Give y(-6).
-6
Let m(r) = 2*r + 18. Give m(-17).
-16
Let p(r) = r + 33. Give p(-5).
28
Let o(x) = -x**3 + 18*x**2 + 18*x + 12. What is o(19)?
-7
Let v(o) = -4*o**2 + o + 2. Determine v(-3).
-37
Let d(j) = 7*j + 4. What is d(-2)?
-10
Let h(r) = -2*r**2 - 12*r - 24. Give h(-11).
-134
Let y(k) = 5*k - 77. Determine y(10).
-27
Let d(i) = 5*i - 8. Calculate d(4).
12
Let u(d) = 3*d**2 - 13*d - 9. Give u(5).
1
Let w(h) = -h**2 + h + 1. Calculate w(2).
-1
Let u(v) = -v**2 - 14*v - 38. Determine u(-10).
2
Let k(b) = b**3 - 2*b**2 - 2*b + 2. Determine k(-2).
-10
Let x(h) = -h**3 + 7*h**2 - h + 11. Give x(7).
4
Let o(v) = -v**3 + 11*v**2 + 15*v - 31. Calculate o(11).
134
Let j(a) = -5*a + 25. Determine j(15).
-50
Let p(v) = -v**3 - 16*v**2 - 54*v + 25. Determine p(-11).
14
Let h(y) = -y**3 + 8*y**2 - 14*y + 4. Calculate h(6).
-8
Let u(r) = r**3 - r**2 - 6*r + 3. Calculate u(-4).
-53
Let b(y) = 2*y**2 + 29*y - 12. Calculate b(-15).
3
Let g(u) = u**2 + u - 1. What is g(2)?
5
Let y(j) = j**2 - 7*j + 9. Calculate y(5).
-1
Let t(a) = a**3 + 9*a**2 + 4*a + 1. What is t(-9)?
-35
Let j(k) = -2*k**2 - 10*k + 5. What is j(-8)?
-43
Let z(q) = -q**3 + 6*q**2 + 27*q + 3. Calculate z(9).
3
Let b(i) = i**2 - 8*i + 7. Calculate b(5).
-8
Let s(l) = l**2 + 12*l + 2. Calculate s(-10).
-18
Let l(o) = 5*o + 9. Calculate l(-5).
-16
Let q(y) = 6*y**2 + y + 2. Calculate q(-2).
24
Let c(z) = 15*z - 42. Determine c(3).
3
Let j(t) = 12*t**3 + t**2 - 2. Calculate j(-1).
-13
Let s(n) = -n**3 + 8*n**2 - n - 10. What is s(8)?
-18
Let y(j) = j**2 + 18*j + 20. Give y(-1).
3
Let r(f) = -11*f + 11. Determine r(8).
-77
Let l(r) = -r**2 - 8*r + 51. What is l(-12)?
3
Let w(g) = -g**3 - 6*g**2 + 18*g + 83. Determine w(-7).
6
Let t(z) = 2*z**2 + 5. Determine t(0).
5
Let m(r) = -r**3 + 7*r**2 - 10*r - 6. Calculate m(6).
-30
Let t(p) = -4*p - 38. Calculate t(-9).
-2
Let w(d) = 14*d + 21. What is w(-2)?
-7
Let m(g) = -g**3 + 12*g**2 - 13*g - 28. Determine m(10).
42
Let q(o) = o**3 + 9*o**2 - 9*o + 15. Give q(-10).
5
Let m(n) = n**3 + 11*n**2 - 12*n - 15. Calculate m(-12).
-15
Let g(s) = -13*s + 58. Give g(5).
-7
Let g(x) = -x**2 + 9*x. Give g(-3).
-36
Let g(a) = a**2 + 4*a - 3. Determine g(-10).
57
Let l(u) = u**2 + 25*u - 40. Calculate l(-27).
14
Let n(p) = -p**3 - 11*p**2 - 28*p + 26. Calculate n(-6).
14
Let t(q) = 11*q**2 - 52*q - 18. Give t(5).
-3
Let z(r) = r**2 - 5*r - 16. Determine z(6).
-10
Let q(j) = 2*j**2 - 18*j + 23. Determine q(7).
-5
Let n(j) = -j**3 + 18*j**2 + 39*j + 15. Determine n(20).
-5
Let c(o) = o**2 + 1. What is c(-1)?
2
Let j(f) = -f**2 - f - 12. Calculate j(0).
-12
Let v(o) = 4*o + 14. Calculate v(10).
54
Let u(c) = -7*c - 39. Determine u(-6).
3
Let k(w) = 5*w - 93. What is k(17)?
-8
Let o(n) = -n**2 + 19*n - 11. Calculate o(12).
73
Let f(r) = -r**3 - 5*r**2 - 4*r - 4. Calculate f(-5).
16
Let g(n) = n**3 + n**2 + 3*n - 21. Give g(0).
-21
Let r(j) = j**3 + 8*j**2 + 6*j - 12. Calculate r(-7).
-5
Let m(u) = -u**3 + 16*u**2 - 14*u - 13. Give m(15).
2
Let p(o) = -o**2 + 21*o - 45. Determine p(19).
-7
Let y(n) = n**2 + 11*n + 6. Give y(-5).
-24
Let b(p) = -p**3 + 6*p**2 - 5. Give b(6).
-5
Let r(i) = i**2 + 3*i - 8. Calculate r(2).
2
Let m(j) = -2*j**2 - 1. What is m(-2)?
-9
Let w(g) = 3*g - 27. Give w(13).
12
Let m(g) = -7*g - 196. Give m(-29).
7
Let r(z) = -z**3 - 5*z**2 + 15*z + 1. Give r(-6).
-53
Let x(h) = h**3 - 8*h**2 - 4*h + 78. What is x(6)?
-18
Let n(z) = 18*z**3 - z**2 + z. What is n(1)?
18
Let x(l) = -l**3 + 6*l**2 - 16*l + 33. Give x(4).
1
Let x(y) = 5*y + 1. Calculate x(-9).
-44
Let u(w) = 3*w**3 - w**2 - 8*w - 5. Give u(3).
43
Let s(y) = -28*y**3 - y**2 + 4*y - 2. What is s(1)?
-27
Let c(y) = -y**2 + 25*y + 6. What is c(11)?
160
Let i(h) = -14*h**2 + 7*h - 7. Give i(1).
-14
Let v(k) = -k**3 + 5*k**2 + 3*k + 7. Calculate v(5).
22
Let f(b) = 42*b. Calculate f(1).
42
Let m(v) = -18*v**2 + v. Determine m(-1).
-19
Let f(r) = r**2 - 10*r + 20. Give f(5).
-5
Let x(r) = r**3 - 12*r**2 - 16*r + 35. What is x(13)?
-4
Let i(n) = n**2 - 4. Determine i(2).
0
Let y(z) = 4*z**2 - z + 1. Calculate y(-3).
40
Let w(k) = -k**2 - 27*k - 14. Determine w(-32).
-174
Let l(v) = v**3 + 2*v**2 - 8*v + 4. Give l(-4).
4
Let k(b) = -4*b + 55. Give k(15).
-5
Let t(w) = -2*w**3 + 4*w**2 - 7*w + 10. Give t(2).
-4
Let t(c) = -c + 20. What is t(21)?
-1
Let p(f) = f**3 + 3*f**2 - 20*f - 13. Calculate p(-6).
-1
Let g(q) = q**2 + 25*q + 7. Give g(-19).
-107
Let c(h) = -h**2 - 18*h - 49. Determine c(-9).
32
Let c(l) = l**3 + 21*l**2 + 20*l + 9. Calculate c(-20).
9
Let s(p) = 35*p - 107. Calculate s(3).
-2
Let s(j) = j**3 + 15*j**2 + 51*j + 5. Calculate s(-10).
-5
Let x(r) = 9*r + 27. Give x(-8).
-45
Let k(t) = t**3 - t**2 + 2*t - 4. Determine k(0).
-4
Let n(m) = -m**3 - 6*m**2 + 13*m - 22. Give n(-8).
2
Let m(n) = 23*n - 2. What is m(-1)?
-25
Let a(p) = p**2 + 2*p - 93. Give a(8).
-13
Let g(x) = 3*x + 29. What is g(5)?
44
Let b(p) = -20*p**3 + p**2 - 1. Calculate b(-1).
20
Let f(q) = -53*q**3 - 4*q**2 + 4*q + 1. Calculate f(1).
-52
Let h(o) = o**3 - 14*o**2 - 34*o - 8. What is h(16)?
-40
Let a(c) = 2*c**2 - 4*c + 8. What is a(2)?
8
Let x(c) = -8*c + 5. Determine x(7).
-51
Let r(o) = -14*o - 250. Calculate r(-20).
30
Let q(i) = 15*i + 112. Calculate q(-7).
7
Let i(y) = y**3 - 2*y**2 - 11*y - 3. Calculate i(5).
17
Let x(d) = -3*d**3 - 5*d**2 + 6*d + 5. Give x(-3).
23
Let x(k) = -k**3 + 9*k**2 - 19*k + 12. Determine x(7).
-23
Let o(f) = f - 49. Calculate o(40).
-9
Let c(h) = h**3 + 13*h**2 + 3*h + 38. What is c(-13)?
-1
Let j(r) = -r**2 - 8*r - 20. Determine j(-15).
-125
Let n(r) = 15*r**2 - 3*r. What is